t is the thousands digit of 121822?
1
What is the thousands digit of 17974?
7
What is the hundreds digit of 1201?
2
What is the tens digit of 7046?
4
What is the units digit of 1784?
4
What is the thousands digit of 11510?
1
What is the hundreds digit of 140187?
1
What is the hundreds digit of 6657?
6
What is the tens digit of 32547?
4
What is the tens digit of 101?
0
What is the tens digit of 25789?
8
What is the hundreds digit of 1835?
8
What is the ten thousands digit of 19929?
1
What is the hundreds digit of 7017?
0
What is the units digit of 1602?
2
What is the hundreds digit of 14381?
3
What is the ten thousands digit of 10282?
1
What is the units digit of 39163?
3
What is the tens digit of 412?
1
What is the thousands digit of 1013?
1
What is the tens digit of 292?
9
What is the units digit of 4670?
0
What is the tens digit of 21190?
9
What is the thousands digit of 4263?
4
What is the tens digit of 2529?
2
What is the hundreds digit of 4093?
0
What is the hundreds digit of 1288?
2
What is the hundreds digit of 783?
7
What is the thousands digit of 3226?
3
What is the units digit of 6319?
9
What is the tens digit of 21033?
3
What is the thousands digit of 11604?
1
What is the tens digit of 11946?
4
What is the hundreds digit of 4710?
7
What is the tens digit of 253?
5
What is the tens digit of 3219?
1
What is the hundreds digit of 998?
9
What is the tens digit of 4614?
1
What is the units digit of 909?
9
What is the thousands digit of 2295?
2
What is the units digit of 746?
6
What is the tens digit of 23890?
9
What is the thousands digit of 19485?
9
What is the units digit of 1120?
0
What is the hundreds digit of 53186?
1
What is the ten thousands digit of 17353?
1
What is the tens digit of 4177?
7
What is the units digit of 7345?
5
What is the units digit of 2482?
2
What is the thousands digit of 1146?
1
What is the hundreds digit of 7092?
0
What is the hundreds digit of 43711?
7
What is the thousands digit of 9088?
9
What is the tens digit of 1032?
3
What is the units digit of 4467?
7
What is the units digit of 3313?
3
What is the ten thousands digit of 22272?
2
What is the ten thousands digit of 11967?
1
What is the tens digit of 8565?
6
What is the thousands digit of 51634?
1
What is the tens digit of 703?
0
What is the units digit of 21496?
6
What is the units digit of 7779?
9
What is the units digit of 1051?
1
What is the tens digit of 2297?
9
What is the thousands digit of 34179?
4
What is the thousands digit of 1289?
1
What is the tens digit of 26?
2
What is the hundreds digit of 430?
4
What is the units digit of 690?
0
What is the tens digit of 7437?
3
What is the thousands digit of 1563?
1
What is the units digit of 994?
4
What is the tens digit of 25119?
1
What is the tens digit of 38386?
8
What is the tens digit of 1658?
5
What is the tens digit of 338?
3
What is the tens digit of 1936?
3
What is the tens digit of 859?
5
What is the hundreds digit of 39383?
3
What is the thousands digit of 26203?
6
What is the tens digit of 376?
7
What is the units digit of 2685?
5
What is the tens digit of 121027?
2
What is the ten thousands digit of 70915?
7
What is the units digit of 15273?
3
What is the units digit of 416?
6
What is the tens digit of 1408?
0
What is the units digit of 9030?
0
What is the tens digit of 946?
4
What is the hundreds digit of 1798?
7
What is the tens digit of 30072?
7
What is the units digit of 2178?
8
What is the hundreds digit of 55749?
7
What is the hundreds digit of 1920?
9
What is the hundreds digit of 191?
1
What is the units digit of 70?
0
What is the hundreds digit of 53250?
2
What is the hundreds digit of 7122?
1
What is the units digit of 7128?
8
What is the tens digit of 13609?
0
What is the units digit of 1177?
7
What is the thousands digit of 37228?
7
What is the ten thousands digit of 32334?
3
What is the units digit of 2891?
1
What is the ten thousands digit of 23260?
2
What is the ten thousands digit of 22725?
2
What is the units digit of 385?
5
What is the hundreds digit of 1618?
6
What is the thousands digit of 2513?
2
What is the hundreds digit of 174726?
7
What is the hundreds digit of 14117?
1
What is the units digit of 27250?
0
What is the units digit of 17090?
0
What is the tens digit of 13221?
2
What is the thousands digit of 9767?
9
What is the tens digit of 13182?
8
What is the units digit of 770?
0
What is the hundreds digit of 960?
9
What is the hundred thousands digit of 141663?
1
What is the units digit of 662?
2
What is the hundreds digit of 927?
9
What is the hundreds digit of 6535?
5
What is the thousands digit of 14523?
4
What is the ten thousands digit of 27326?
2
What is the units digit of 3391?
1
What is the units digit of 2102?
2
What is the hundreds digit of 2328?
3
What is the units digit of 19113?
3
What is the thousands digit of 2209?
2
What is the thousands digit of 1411?
1
What is the thousands digit of 13280?
3
What is the hundreds digit of 222?
2
What is the units digit of 5586?
6
What is the thousands digit of 1632?
1
What is the thousands digit of 83281?
3
What is the units digit of 191344?
4
What is the units digit of 5768?
8
What is the ten thousands digit of 10101?
1
What is the units digit of 1069?
9
What is the units digit of 102707?
7
What is the thousands digit of 1279?
1
What is the ten thousands digit of 23199?
2
What is the ten thousands digit of 11406?
1
What is the units digit of 827?
7
What is the units digit of 7713?
3
What is the ten thousands digit of 67183?
6
What is the hundreds digit of 164109?
1
What is the hundreds digit of 55538?
5
What is the tens digit of 2393?
9
What is the units digit of 1059?
9
What is the thousands digit of 3859?
3
What is the thousands digit of 75322?
5
What is the units digit of 46358?
8
What is the hundreds digit of 30631?
6
What is the thousands digit of 5488?
5
What is the units digit of 3541?
1
What is the tens digit of 732?
3
What is the tens digit of 6685?
8
What is the hundreds digit of 3165?
1
What is the tens digit of 1104?
0
What is the thousands digit of 12589?
2
What is the hundreds digit of 485?
4
What is the hundred thousands digit of 188906?
1
What is the units digit of 4146?
6
What is the thousands digit of 71182?
1
What is the thousands digit of 48301?
8
What is the units digit of 963?
3
What is the tens digit of 44?
4
What is the units digit of 495?
5
What is the hundreds digit of 82121?
1
What is the tens digit of 2205?
0
What is the thousands digit of 5386?
5
What is the tens digit of 44077?
7
What is the tens digit of 1252?
5
What is the thousands digit of 30896?
0
What is the thousands digit of 20193?
0
What is the tens digit of 610?
1
What is the tens digit of 63145?
4
What is the units digit of 7309?
9
What is the tens digit of 509?
0
What is the tens digit of 505?
0
What is the hundreds digit of 1192?
1
What is the tens digit of 853?
5
What is the units digit of 125598?
8
What is the units digit of 1547?
7
What is the hundred thousands digit of 152713?
1
What is the thousands digit of 33123?
3
What is the tens digit of 6760?
6
What is the hundreds digit of 133220?
2
What is the units digit of 167?
7
What is the tens digit of 7048?
4
What is the thousands digit of 1974?
1
What is the hundreds digit of 4217?
2
What is the tens digit of 11126?
2
What is the units digit of 435?
5
What is the tens digit of 92?
9
What is the hundreds digit of 670?
6
What is the units digit of 1274?
4
What is the tens digit of 4914?
1
What is the tens digit of 372?
7
What is the units digit of 27953?
3
What is the units digit of 7832?
2
What is the hundreds digit of 70957?
9
What is the thousands digit of 53356?
3
What is the ten thousands digit of 10233?
1
What is the hundreds digit of 9019?
0
What is the units digit of 4540?
0
What is the tens digit of 50012?
1
What is the tens digit of 813?
1
What is the hundreds digit of 110260?
2
What is the hundreds digit of 1465?
4
What is the hundreds digit of 4452?
4
What is the units digit of 33952?
2
What is the units digit of 409?
9
What is the hundreds digit of 2208?
2
What is the thousands digit of 7901?
7
What is the units digit of 649?
9
What is the tens digit of 781?
8
What is the tens digit of 80908?
0
What is the units digit of 733?
3
What is the tens digit 